rivative of p**4/12 - 5*p**3/6 - 9*p**2/2 - 3*p. Let z be l(8). Calculate the greatest common divisor of z and 15.
15
Suppose -4*z + 20 = z. Suppose 0 = 2*i, -3*g + z*g - 112 = -2*i. Suppose g = 3*q - 83. What is the greatest common factor of 26 and q?
13
Suppose 0 = 2*h - 96 + 16. Suppose t + 112 = 5*i, 2*i + 2*t - h = 4*t. What is the greatest common factor of i and 46?
23
Suppose -5*m - 5*g + 97 = -228, -5*m + 326 = 4*g. Suppose -m = -6*a + 3*a. Let i be 0 + 0 + (4 - 2). Calculate the greatest common factor of i and a.
2
Let n(w) = w + 4. Let d be n(-4). Suppose 0 = 4*p - 0*p + 2*a - 320, -5*a = d. Calculate the greatest common divisor of 16 and p.
16
Let j = 50 + 49. Calculate the greatest common factor of 9 and j.
9
Suppose 5*u - 107 - 388 = 0. Let m(k) = -k**3 - 3*k**2 + 6*k - 11. Let i be m(-5). What is the greatest common factor of i and u?
9
Let p = -54 - -139. Let m = -57 + 117. Suppose -2*o + m = 4*l, -2*o - 39 - 3 = -2*l. What is the highest common factor of p and l?
17
Let t = 61 - 108. Let s = -17 - t. Calculate the highest common divisor of s and 10.
10
Suppose p - 5*z - 60 = 0, -3*z + 68 = 3*p - p. Let b = 5 - 0. Calculate the highest common factor of p and b.
5
Suppose 0*y = -5*y. Let j = 4 + y. Calculate the greatest common divisor of 6 and j.
2
Let c(u) = 4*u + 80. Let f be c(0). Calculate the highest common factor of f and 20.
20
Let j(s) = 15*s - 3. Let f be j(3). Calculate the greatest common factor of 28 and f.
14
Suppose 0 = -2*p + 3 + 1. Suppose -p*b + k = -7*b + 54, b = 5*k - 10. Suppose 3*s = s + b. Calculate the greatest common divisor of 15 and s.
5
Let f = 1 + 2. Suppose 2*n = -f*n + 80. Calculate the greatest common factor of n and 8.
8
Let x(w) = 25*w**2 + 2. Let f be x(-2). Let b be (5 + 8 + 4)/1. Calculate the greatest common divisor of f and b.
17
Let l = -14 + 58. Calculate the highest common divisor of l and 132.
44
Suppose 29 - 95 = -11*f. Suppose 0 = q - 9 - 21. What is the greatest common divisor of q and f?
6
Let o = -12 + 26. Let y = o - 4. Calculate the greatest common divisor of y and 15.
5
Suppose -2*k + 0*k = 4*u - 98, k - 5 = 0. What is the greatest common factor of u and 33?
11
Suppose 0 = 4*n - 5 - 15. Suppose -2*g - 3*m = 28, 0*g + 5*g = -n*m - 80. Let h be 25/4 + 5/g. What is the greatest common divisor of h and 4?
2
Let r(h) = 25*h**2 + h + 1. Let b be r(-1). Let k(s) = -s**2 - 18*s - 27. Let c be k(-11). Calculate the highest common factor of b and c.
25
Let j(l) = 7*l**2 + 5*l + 6. Let c be j(-3). Let z be 64/10 + 4/(-10). Calculate the highest common divisor of c and z.
6
Suppose 5*u - x - 135 = 0, 2*u = -x - 3*x + 76. Calculate the greatest common divisor of u and 4.
4
Suppose 3*v - 5 = -s, 2*v = -2*s + 1 + 5. Suppose -5*i + 39 = -4*n, i - 3 = 4*n - 2*n. What is the highest common divisor of v and i?
1
Suppose -b = 6*b - 847. Let u(p) = -p**3 + 7*p**2 + 2*p - 3. Let x be u(7). What is the greatest common divisor of x and b?
11
Let l = 57 - 52. Calculate the greatest common divisor of 5 and l.
5
Let v(z) = -2*z + 1. Let m be v(-6). Let r = -97 + 162. What is the highest common divisor of r and m?
13
Suppose 80 = 2*g + 2*g. Let a(u) = -u**3 + 10*u**2 - 20*u + 1. Let o be a(7). What is the highest common factor of g and o?
4
Suppose 6*v - 11*v = -125. What is the greatest common divisor of 125 and v?
25
Let b(j) = j - j + 1 - j**2. Let f be b(0). Let s be 38/4 + (-6)/(-4). Calculate the highest common factor of f and s.
1
Suppose 2*g + 20 = 3*g. Suppose 4*l - g = 32. What is the highest common divisor of l and 13?
13
Suppose -4*l + l + 9 = 0. Suppose -4*f = z - l*z - 30, 4*z = f - 25. What is the highest common divisor of f and 20?
5
Suppose 0 = 7*z + 2*z - 198. What is the greatest common factor of z and 110?
22
Let q be (-5 - 0/2)*-1. Suppose 0 = -4*p + q*k - 748, -k + 6*k + 20 = 0. Let l be p/(-30)*(5 + 0). What is the highest common divisor of l and 16?
16
Let f be 18 - (-5)/((-15)/(-6)). Let o = -4 + 9. Suppose 0 = -5*w + 4*z + 28, -o*w + w + 41 = 3*z. What is the highest common factor of w and f?
4
Suppose 0 = -3*n + 9 - 3. Suppose -j - 2 = 3*u - 4, 5*u - j = 14. Suppose 3*l - n*l = u. Calculate the highest common divisor of l and 3.
1
Suppose 7*j - 158 = 38. Suppose -2*w + 12 = 4*x - 2, -10 = -2*x + 2*w. Calculate the highest common factor of j and x.
4
Suppose 13 = 5*v + 3*u, 6*v - v = -u + 11. Let c be (v - 8)*2/(-4). Let y be 1*5/((-5)/(-6)). What is the highest common divisor of c and y?
3
Let q be 8/(-4) + (-294)/(-3). Calculate the highest common factor of 12 and q.
12
Let j = 35 - 2. Suppose 2*p + 3*n = 3*p - j, -3*n - 69 = -3*p. What is the highest common factor of 72 and p?
18
Let v = -6 + 9. Suppose -4*n + v*m + 31 = -3*n, 55 = 5*n + 5*m. Calculate the greatest common factor of 64 and n.
16
Suppose k + 3*k = 16. Suppose -4*u + k*s + 108 = -512, -3*u + 457 = s. Let y(z) = -z + 3. Let l be y(-14). Calculate the greatest common factor of u and l.
17
Let f = 8 - 3. What is the highest common factor of 15 and f?
5
Let v(d) = -7*d + 304. Let w(i) = 10*i - 456. Let h(o) = -7*v(o) - 5*w(o). Let m be h(0). Calculate the highest common factor of 19 and m.
19
Let k be ((-27)/6)/9*-6. Calculate the greatest common divisor of k and 1.
1
Let q(c) = c**3 + 13*c**2 + 12*c + 5. Let r be q(-12). Calculate the highest common factor of 5 and r.
5
Let l = 10 - 8. Suppose 0 = -v - 5*a - 3, -v = 2*v + 4*a - l. Let y be (-4 + 1)/(v/(-54)). What is the highest common divisor of 9 and y?
9
Let g(d) = d**2 - 2*d + 3. Let y be g(2). What is the greatest common divisor of y and 24?
3
Let w = -222 + 448. Suppose 3*d - 820 = -w. Calculate the greatest common factor of 22 and d.
22
Suppose 2*w = -4*c + 7*w + 596, 5*w = -4*c + 556. Let u be -9*4/(-6)*3. Calculate the greatest common factor of u and c.
18
Let w(r) = -r**2 - 3*r + 3. Let o be w(-4). Let y = o - -5. Suppose y*m - 186 = 14. What is the highest common factor of 10 and m?
10
Suppose 0 = -0*t + 2*t - 36. Let c = 3 + t. What is the highest common factor of c and 231?
21
Let j be -2*(3/2 - 0). Let r be 4/6 + (-1024)/j. Suppose r = 3*i + 90. What is the highest common divisor of i and 12?
12
Let s be 40*((-6)/(-8) + 1/(-4)). Calculate the greatest common divisor of 10 and s.
10
Let v be (9/(-15))/(-1)*5. Suppose -v*t = 2*i - 38, t + i = -i + 6. Calculate the highest common divisor of t and 4.
4
Suppose -346 = -5*j - 31. Suppose 0 = -5*k + 57 + 48. What is the greatest common factor of k and j?
21
Suppose -c = 5*x - 252, 4*x + 54 = 5*x + 2*c. What is the greatest common divisor of x and 10?
10
Suppose 0*q - 234 = -3*q. Suppose -5*r + q = 2*b, 0 = -r - 5*b + 5 + 6. What is the highest common factor of 16 and r?
16
Suppose -4*u + 4*m = -28, -48 = -4*u + 2*m - 20. Let f(v) = -7*v**3 - v**2 + 1. Let l = 0 - 1. Let r be f(l). Calculate the greatest common factor of u and r.
7
Let c = 59 + -29. Suppose 2*v + 4*d = c, -3*d + 20 = -v + 2*d. Suppose -v*b + 7 + 33 = 0. Calculate the greatest common divisor of 32 and b.
8
Suppose 0 = k - 3*k + 6. Let v(h) = 8*h + 3. Let q be v(k). Suppose -q = -l + 9. Calculate the highest common factor of l and 12.
12
Let f = 0 + 30. Let x = -7 - -21. Suppose z = x + f. What is the highest common divisor of z and 11?
11
Let j(a) = a**3 + 7*a**2 - a + 4. Let r be j(-7). What is the greatest common divisor of 11 and r?
11
Let z(n) be the third derivative of n**5/60 + 4*n**3/3 - n**2. Let y be z(0). Let l be 2 - (2/2 - 1). What is the greatest common divisor of l and y?
2
Let c(k) = 47*k**3 + 2*k**2 - k. Let z be c(1). Let n be 1/(-10)*-4*60. Calculate the greatest common factor of n and z.
24
Let t be (-1 + 2)/(0 - 2/(-4)). Let u(y) = 9*y**2 - 1. Let w be u(1). What is the highest common divisor of t and w?
2
Let p(c) = -11*c - 14. Let u be p(6). Let h = u + 152. What is the highest common factor of h and 108?
36
Let y = 17 - 9. Suppose y*s - 85 = 3*s. Suppose 0 = 3*n - 2*n - 85. What is the greatest common factor of n and s?
17
Suppose h = 5 + 9. Calculate the greatest common factor of h and 28.
14
Suppose -t = -5*t + 172. Let z = -31 + t. What is the greatest common divisor of z and 12?
12
Let k = 14 + -7. Suppose -r + 2 = -5. What is the highest common factor of k and r?
7
Suppose 3*o + 5*x - 3 = 0, 2*o - x = -o + 3. Supp